0
Convert -ca36b (base 13) to base 15.
-73383
Convert -21651 (base 12) to base 3.
-2020112021
1000110101010110001010 (base 2) to base 9
4318433
122566 (base 9) to base 16
1216e
Convert -4187750 (base 10) to base 15.
-57ac35
Convert -e7e3ab (base 16) to base 8.
-71761653
Convert 1881548 (base 9) to base 13.
2b0451
60937 (base 12) to base 8
365473
-58882 (base 12) to base 15
-252be
Convert -2204222 (base 5) to base 14.
-dc2a
1022a0 (base 12) to base 8
755430
-187065 (base 10) to base 4
-231222321
-1203142044 (base 5) to base 2
-1010101000011101001101
11011111 (base 2) to base 15
ed
Convert -16a93e (base 16) to base 7.
-15423535
What is 5c4a94 (base 16) in base 4?
113010222110
-4442420324 (base 5) to base 11
-5548269
What is 1345551 (base 6) in base 16?
12aab
Convert -24416441 (base 7) to base 14.
-40dd58
Convert -5362 (base 13) to base 11.
-8770
-541202001 (base 6) to base 11
-5453a44
What is -22012120200012 (base 3) in base 8?
-20506231
Convert 2327a4 (base 11) to base 14.
989d6
What is 5291c (base 14) in base 11?
126865
What is 101210001210110 (base 3) in base 7?
66460542
Convert -81f85 (base 16) to base 14.
-dc017
Convert -23244322 (base 6) to base 9.
-1318715
Convert -25115323 (base 6) to base 8.
-3041143
-1294982 (base 11) to base 5
-1032410220
What is -13ab165 (base 13) in base 11?
-358a290
-3cc74d (base 14) to base 13
-58ab3c
What is 21233003 (base 4) in base 2?
1001101111000011
What is 111031300013 (base 4) in base 9?
11415658
What is -1b186 (base 14) in base 2?
-10000110100110010
What is -120402033 (base 5) in base 2?
-10001000101000011011
Convert -1101100101122 (base 3) to base 9.
-1340348
4103422 (base 6) to base 12
94b72
What is -7508873 (base 9) in base 5?
-2012200003
Convert -8957a (base 11) to base 6.
-2440531
Convert -110010011101100100110010 (base 2) to base 6.
-1151310150
What is -12c443 (base 13) in base 4?
-1233031112
Convert a800a (base 13) to base 7.
2401645
-312011311 (base 4) to base 16
-36175
Convert -2345053 (base 6) to base 2.
-11110000000111001
Convert -20141304 (base 5) to base 7.
-1243351
What is 1138203 (base 11) in base 13?
5477c1
414220033 (base 5) to base 4
12201220303
What is -716971 (base 10) in base 15?
-e2681
What is 76102 (base 16) in base 3?
220120100121
What is 123268 (base 9) in base 14?
1d274
What is -66595 (base 12) in base 13?
-49961
Convert -100100011011110011101 (base 2) to base 9.
-2218628
1124350 (base 6) to base 13
20547
Convert 12b62a8 (base 12) to base 14.
6cc86c
What is 2339 (base 12) in base 10?
3933
What is 3854587 (base 10) in base 15?
512177
Convert -420366 (base 10) to base 6.
-13002050
What is 1120a37 (base 12) in base 9?
6145227
What is 39b52 (base 14) in base 5?
14022142
-5a448 (base 13) to base 9
-272031
Convert 239170 (base 12) to base 11.
363550
What is -53257 (base 14) in base 7?
-1464240
What is 79604 (base 10) in base 6?
1412312
Convert 23230101121 (base 4) to base 8.
13542131
10201013 (base 5) to base 6
1451124
What is 7a8a25 (base 14) in base 5?
2032012443
-147900 (base 13) to base 15
-9dd0c
Convert -211020101 (base 3) to base 6.
-203014
What is -343166 (base 7) in base 6?
-1151035
-53734 (base 12) to base 6
-2204504
What is 140245 (base 6) in base 10?
13061
What is -2100221111021 (base 3) in base 4?
-10303101310
b1794 (base 12) to base 11
14856a
Convert 1235211 (base 6) to base 16.
106b7
What is 3030244322 (base 5) in base 9?
12431767
-a114a5 (base 12) to base 8
-11451175
What is -7101126 (base 8) in base 16?
-1c8256
What is -2420763 (base 13) in base 7?
-164113554
What is -7885100 (base 9) in base 15?
-58dd13
What is 120331140 (base 5) in base 14?
107663
Convert -122212022200021 (base 3) to base 9.
-18768607
-3031013 (base 11) to base 10
-5359951
Convert -304232 (base 5) to base 15.
-2e2c
91aa14 (base 11) to base 5
334304020
What is -32332013330 (base 4) in base 10?
-3924476
Convert 60585 (base 9) to base 12.
1b088
Convert -440041 (base 5) to base 14.
-568d
What is -206c34 (base 13) in base 8?
-2710117
Convert df715 (base 16) to base 5.
213241341
What is -4a077 (base 11) in base 13?
-269a3
58623 (base 9) to base 2
1001100011101000
Convert 24146262 (base 7) to base 9.
4031140
-543707 (base 14) to base 2
-1010111000011000101011
Convert 200012021111022 (base 3) to base 16.
938cb7
What is 1340497 (base 12) in base 13?
a37c74
-326a102 (base 11) to base 8
-25707120
Convert 5119c (base 15) to base 3.
111001100210
205eb0 (base 15) to base 9
2805023
Convert -212237 (base 8) to base 6.
-1303503
What is 3598669 (base 11) in base 10?
6263156
What is -5013071 (base 9) in base 6?
-133050401
Convert 1752564 (base 10) to base 7.
20616342
-110100101011001100110 (base 2) to base 8
-6453146
What is aa3a (base 16) in base 7?
241023
What is 100011201120 (base 3) in base 12?
88613
What is c2da (base 15) in base 7?
230662
What is 912710 (base 10) in base 11?
573807
-611782 (base 16) to base 12
-216a36a
-44001141 (base 5) to base 10
-375171
What is 1212024 (base 8) in base 7?
2554215
-1a95610 (base 11) to base 13
-963990
Convert -a0273 (base 13) to base 10.
-286042
9766 (base 14) to base 11
18720
What is -1527319 (base 10) in base 15?
-202814
5023b (base 13) to base 16
22f59
What is 3033222 (base 4) in base 12?
7836
23bc (base 16) to base 4
2032330
2155b6 (base 15) to base 13
43779c
Convert -31704 (base 8) to base 3.
-200011211
What is 22012000102 (base 3) in base 4?
213111200
Convert 127125 (base 11) to base 15.
3e2ed
Convert 23332030 (base 4) to base 9.
74234
188346 (base 9) to base 7
1000005
-6a7076 (base 14) to base 12
-1270b28
-10104422 (base 5) to base 12
-3b45a
What is -7355a (base 11) in base 16?
-1a28e
What is -10200202101 (base 3) in base 12?
-36101
-26313220 (base 7) to base 2
-1001001011101000011111
Convert 2a8073 (base 11) to base 6.
14134412
What is -1626a5 (base 11) in base 14?
-67da8
What is -51441 (base 9) in base 4?
-20101213
12ee5a (base 15) to base 6
31310034
14135 (base 15) to base 10
64400
-2221340 (base 6) to base 5
-12034204
Convert -889893 (base 12) to base 6.
-114325503
What is -3211120322 (base 4) in base 15?
-1385d8
1083782 (base 10) to base 12
443232
Convert 1108352 (base 9) to base 15.
bbb92
Convert -217847 (base 11) to base 14.
-906b5
Convert -55ea3 (base 16) to base 5.
-42230112
What is -1222220220012 (base 3) in base 8?
-4030744
175070 (base 10) to base 8
525736
-40580a (base 11) to base 12
-275279
Convert 7b1def (base 16) to base 3.
120011221000201
What is 11001110001011011 (base 2) in base 15?
21428
11010000001011110 (base 2) to base 7
622521
-5224701 (base 8) to base 13
-3973a1
Convert 25c33b (base 15) to base 8.
6725162
-280c49 (base 15) to base 9
-3555616
What is 22201210102001 (base 3) in base 10?
4641112
-12021222010012 (base 3) to base 9
-5258105
Convert -37a243a (base 12) to base 5.
-10243124324
Convert 1350046 (base 7) to base 12.
88291
102041242 (base 5) to base 3
210120101220
Convert 200202030 (base 4) to base 3.
20202210120
Convert 10442501 (base 7) to base 11.
566190
65541621 (base 7) to base 5
2414430134
210933 (base 10) to base 14
56c29
7b05cb (base 14) to base 13
b38607
-506647a (base 11) to base 3
-121211220212100
Convert 18272008 (base 9) to base 3.
122022102000022
Convert -132255 (base 6) to base 13.
-5729
Convert 11010101000111000101011 (base 2) to base 5.
3241430321
-410c1 (base 13) to base 14
-306c6
What is -100002130 (base 4) in base 14?
-19d24
-2527362 (base 8) to base 14
-143226
What is 2015653 (base 9) in base 4?
10012013112
Convert -1455667 (base 10) to base 4.
-11203120303
Convert -7d846 (base 14) to base 15.
-60ae4
1015361 (base 7) to base 8
356143
What is 244453061 (base 7) in base 12?
519546b
4030020103 (base 5) to base 14
10d7001
What is 121010102022 (base 3) in base 11?
1a7534
What is 130331222 (base 4) in base 6?
2313122
What is 331626 (base 8) in base 7?
643050
Convert -20121210220 (base 3) to base 6.
-2443253
What is -10ac51 (base 13) in base 9?
-662285
What is 117a1b8 (base 12) in base 14?
64624c
344330 (base 5) to base 2
11000010110001
What is 45a6c (base 16) in base 4?
1011221230
-185770 (base 10) to base 6
-3552014
Convert -1331033 (base 9) to base 3.
-1101001001010
Convert -4a4b20 (base 14) to base 2.
-1001101110001110001000
Convert -677018 (base 10) to base 9.
-1241622
1404151 (base 7) to base 8
553736
What is -57393a (